 Give c(-32).
-18
Let k(o) = o**2 + 16*o - 471. What is k(-31)?
-6
Let l(w) = -235*w**2 - 13*w - 3. Give l(-1).
-225
Let o(z) = -z**3 + 76*z**2 - 6*z + 458. Calculate o(76).
2
Let d(g) = 62*g - 695. Determine d(8).
-199
Let u(h) = 2495*h + 15121. Determine u(-6).
151
Let h(u) = -u**3 - 13*u**2 + 28*u + 9. Determine h(-15).
39
Let t(f) = f**3 + 15*f**2 + 80*f + 360. Give t(-11).
-36
Let k(d) = -d**2 + 38*d + 5574. Give k(96).
6
Let x(n) = -2*n**3 - 81*n**2 - 49*n - 332. Give x(-40).
28
Let l(j) = -2*j**3 - 26*j**2 - 37*j - 29. Determine l(-11).
-106
Let z(y) = -y**2 + 457*y - 11191. Determine z(26).
15
Let j(c) = -6*c**2 + c + 142. What is j(11)?
-573
Let u(x) = -x**3 + 8*x**2 + x - 1. Calculate u(-5).
319
Let z(n) = -4*n**2 - 105*n + 4. What is z(-23)?
303
Let y(d) = 545*d - 1054. Calculate y(2).
36
Let t(l) = -l**3 - 2*l**2 - 5*l - 9. Calculate t(4).
-125
Let r(o) = o**3 - 27*o**2 + 26*o + 28. Determine r(26).
28
Let t(i) = -2*i**3 + 23*i**2 + 5*i - 130. Calculate t(11).
46
Let p(k) = k**3 + 22*k**2 - 45*k + 68. Calculate p(-24).
-4
Let r(t) = -20*t + 772. What is r(37)?
32
Let o(a) = a**3 - 15*a**2 - 13*a + 3. Give o(15).
-192
Let t(a) = 2*a**3 - 4*a**2 - 9*a - 12. What is t(-2)?
-26
Let j(g) = -383*g - 10785. Give j(-28).
-61
Let g(u) = -31*u + 2606. Determine g(84).
2
Let y(a) = 149*a - 2757. Determine y(22).
521
Let f(w) = -2*w**3 - 3*w**2 + 118*w + 11. What is f(7)?
4
Let w(t) = -t**3 - 85*t**2 - 4*t - 330. Calculate w(-85).
10
Let f(k) = -3764*k + 63994. Give f(17).
6
Let r(b) = 9*b**2 - 25*b - 9. What is r(-3)?
147
Let y(f) = -26*f - 939. What is y(-35)?
-29
Let a(t) = t**3 - 7*t**2 + 4*t + 5. Calculate a(6).
-7
Let l(d) = -d**3 + 12*d**2 + 32*d - 194. What is l(12)?
190
Let z(s) = s**2 - 19*s - 62. What is z(23)?
30
Let c(h) = h**3 + 30*h**2 - 214*h + 73. Determine c(-36).
1
Let z(i) = -6*i**2 - 311*i - 548. Calculate z(-50).
2
Let i(o) = 5*o**3 + 102*o**2 + 38*o - 52. Give i(-20).
-12
Let i(g) = -10*g - 110. What is i(-28)?
170
Let y(z) = 85*z + 528. What is y(-7)?
-67
Let l(z) = -28*z**2 + 73*z - 262. Determine l(4).
-418
Let i(a) = -2*a**3 - 34*a**2 + 37*a - 68. Give i(-18).
-86
Let u(y) = 2*y**3 + 6*y**2 - 3*y - 39. What is u(-7)?
-410
Let c(f) = -f**2 + 76*f - 855. Calculate c(60).
105
Let c(o) = -2*o**2 + 5*o + 115. What is c(8)?
27
Let v(l) = 17*l**2 + 800*l + 35. Determine v(-47).
-12
Let v(u) = 3*u**2 - 427*u + 14752. Calculate v(59).
2
Let i(h) = h**3 + 9*h**2 + 5*h - 23. Calculate i(-7).
40
Let n(v) = v**2 - 2613*v + 15634. What is n(6)?
-8
Let l(t) = -301*t - 1222. Calculate l(-4).
-18
Let z(d) = -d**3 - 108*d**2 + 2863*d + 381. Determine z(-130).
-9
Let b(t) = -246*t + 54. Calculate b(2).
-438
Let f(z) = -z**3 - 24*z**2 + 8*z + 144. Determine f(-24).
-48
Let p(m) = -m**3 - 15*m**2 + 56*m - 8. What is p(-18)?
-44
Let d(c) = 10*c**2 - 97. Give d(3).
-7
Let z(n) = n**3 + 7*n**2 + 13*n - 11. Calculate z(-5).
-26
Let h(w) = 123*w + 1857. Give h(-12).
381
Let q(g) = 60*g**2 - 1317*g - 15. What is q(21)?
-1212
Let a(y) = 3*y**2 + 1247*y + 51023. Determine a(-46).
9
Let u(h) = -8*h**2 + 14*h + 7. Determine u(0).
7
Let z(s) = 7*s - 157. What is z(-5)?
-192
Let q(v) = 14*v**2 + 490*v - 978. Determine q(2).
58
Let j(x) = -863*x - 14652. What is j(-17)?
19
Let q(s) = s**2 - 44*s - 2326. What is q(75)?
-1
Let y(r) = -257*r**3 + 2*r**2 - 2*r + 1. Determine y(1).
-256
Let p(z) = -z**3 + 58*z**2 - 629*z + 580. What is p(44)?
8
Let q(r) = -27*r + 4519. Give q(168).
-17
Let g(p) = -p**3 - 31*p**2 - 6*p - 77. What is g(-31)?
109
Let m(z) = -153*z + 37. What is m(1)?
-116
Let o(a) = -5*a - 305. What is o(-34)?
-135
Let c(w) = 2*w**2 - 9*w - 359. What is c(16)?
9
Let g(d) = 2*d**3 - 41*d**2 + 117*d + 34. Calculate g(17).
0
Let y(o) = o**3 + 17*o**2 + 16*o - 71. Determine y(-3).
7
Let y(w) = w**3 - 378*w**2 - 558*w + 67836. Calculate y(379).
-5
Let w(j) = -j**2 - 1130*j + 13691. Give w(12).
-13
Let u(b) = 2*b**2 + 38*b - 329. Determine u(9).
175
Let n(p) = -17*p + 85. Give n(17).
-204
Let u(w) = -53*w**2 + 60*w + 62. What is u(-1)?
-51
Let q(m) = -2*m**2 + 2*m + 464. What is q(15)?
44
Let g(x) = x**3 - 14*x**2 - 3*x + 364. Give g(7).
0
Let r(o) = -524*o + 3662. Give r(7).
-6
Let g(t) = 14*t - 541. What is g(40)?
19
Let b(n) = -n**2 + 15*n. Give b(4).
44
Let s(d) = d**3 + 35*d**2 + 68*d + 81. Calculate s(-33).
15
Let u(o) = -3*o - 81. What is u(-28)?
3
Let x(z) = -143*z**2 - 4*z + 1. Determine x(1).
-146
Let c(f) = -696*f - 4239. What is c(-6)?
-63
Let i(y) = -18*y**3 + y**2 + 13*y + 22. Determine i(-2).
144
Let d(l) = -l**3 - 14*l**2 + 77*l + 1176. Determine d(-13).
6
Let a(o) = o**2 + 68*o + 931. Calculate a(-50).
31
Let w(j) = j**3 - 14*j**2 + 10*j - 32. Determine w(13).
-71
Let u(x) = -24*x**2 - 7*x + 8. Calculate u(-3).
-187
Let r(x) = x**2 + 58*x + 451. Calculate r(-7).
94
Let t(r) = -95*r - 6036. What is t(-63)?
-51
Let m(i) = i**2 - 23*i + 33. Give m(16).
-79
Let u(y) = -4*y**3 - 87*y**2 + 19*y - 72. Give u(-22).
-6
Let m(j) = -34*j - 2001. What is m(-59)?
5
Let i(c) = 2252*c + 51788. Determine i(-23).
-8
Let b(p) = -4*p - 133. What is b(10)?
-173
Let t(c) = -20*c**2 - 20*c - 2. Give t(-1).
-2
Let n(m) = m**2 - 17*m + 14. What is n(18)?
32
Let p(j) = -4*j**3 - 57*j**2 + 1113*j - 10. Give p(11).
12
Let t(s) = -110*s + 2739. Determine t(25).
-11
Let l(i) = -48*i**2 - 813*i - 41. Determine l(-17).
-92
Let d(i) = -15360*i + 92150. Calculate d(6).
-10
Let d(g) = 1121*g - 6717. Give d(6).
9
Let b(u) = 26*u**2 + 962*u - 4. Calculate b(-37).
-4
Let l(u) = u**3 - 52*u**2 + 154*u - 83. Determine l(49).
260
Let o(c) = 579*c + 2382. Calculate o(-4).
66
Let b(j) = -j**3 - 66*j**2 - 1053*j - 4. What is b(-27)?
-4
Let a(t) = 3*t**3 + 203*t**2 + 140*t + 59. Determine a(-67).
-343
Let x(b) = -43*b - 985. What is x(-23)?
4
Let s(h) = h**3 + h**2 - 36*h - 89. Determine s(-4).
7
Let o(s) = 3*s**3 - 226*s**2 + 78*s - 137. Determine o(75).
88
Let i(l) = -2*l**3 - 11*l**2 + 15*l - 24. Give i(-7).
18
Let a(y) = y**3 + 2*y + 3. Give a(-1).
0
Let l(h) = 5*h - 85. What is l(22)?
25
Let w(u) = 1294*u - 137167. What is w(106)?
-3
Let m(n) = -8*n - 52. Give m(-5).
-12
Let n(t) = -86*t**3 - 6*t**2 + 8*t - 2. Give n(1).
-86
Let z(k) = -k**2 + 53*k - 95. Calculate z(2).
7
Let d(o) = -o**2 + 66*o - 410. Give d(59).
3
Let f(c) = c**3 + 60*c**2 + 217*c + 75. Determine f(-56).
467
Let j(w) = -15*w**2 + w - 149. What is j(0)?
-149
Let q(p) = -2*p**3 + 87*p**2 + 132*p + 145. Calculate q(45).
10
Let j(b) = 1458*b + 11663. What is j(-8)?
-1
Let q(k) = -k**3 + 17*k**2 + 393*k - 6332. What is q(15)?
13
Let z(f) = -f**3 + 12*f**2 - 7*f + 18. Give z(11).
62
Let j(n) = -144*n - 4079. Determine j(-30).
241
Let n(l) = -4*l**2 + 4*l + 203. What is n(10)?
-157
Let p(w) = 10*w**2 - 45*w + 28. Calculate p(4).
8
Let t(k) = -43*k - 19. Give t(0).
-19
Let c(w) = 7*w**2 + 130*w + 605. What is c(-11)?
22
Let r(a) = -313*a - 4704. Give r(-15).
-9
Let p(h) = h**3 - 31*h**2 + 33*h - 22. Calculate p(30).
68
Let o(j) = 12*j + 59. Determine o(-11).
-73
Let v(l) = 5*l**2 - 38*l + 83. Determine v(3).
14
Let o(c) = -2*c**3 - 3*c + 13. Determine o(-3).
76
Let j(c) = 2*c**2 - 78*c + 454. Calculate j(32).
6
Let i(a) = -74*a - 1606. Calculate i(-16).
-422
Let c(s) = -1841*s + 6. What is c(0)?
6
Let z(o) = -5*o**2 + 4*o - 56. Calculate z(-8).
-408
Let x(v) = -119*v + 357. Give x(4).
-119
Let k(w) = 3*w**3 - 136*w**2 + 41*w + 177. Give k(45).
-3
Let x(p) = 30*p + 1213. Determine x(-40).
13
Let o(k) = -4*k**2 + 276*k + 2474. Determine o(-8).
10
Let t(b) = -117*b - 2798. Give t(-26).
244
Let j(k) = 17*k - 66. Determine j(-12).
-270
Let g(b) = -b**3 + 164*b**2 - 479*b - 207. Calculate g(161).
437
Let q(w) = 3*w**2 + 99*w + 796. What is q(-14)?
-2
Let q(v) = v**3 + 2*v**2 - 21*v - 9. Calculate q(-6).
-27
Let i(p) = -10*p - 575. Determine i(-22).
-355
Let l(q) = -18*q + 136. Give l(8).
-8
Let n(k) = k**3 - 15*k**2 - 545*k - 21. What is n(-17)?
-4
Let l(r) = -r**3 + 9*r**2 - 25*r + 11. Give l(6).
-31
Let r(u) = u**3 + 87*u**2 - 6*u - 518. Give r(-87).
4
Let k(f) = -2*f**3 + 5*f**2 + 103*f + 8. Give k(-6).
2
Let d(s) = s**2 + 13*s - 27. Determine d(-14).
-13
Let a(m) = -m**2 + 9*m + 61. Calculate a(-4).
9
Let j(q) = 3*q**2 - 160*q + 140. What is j(52)?
-68
Let i(w) = -14*w + 160. Determine i(21).
-134
Let u(d